ird derivative of -o**4/12 - 19*o**3/6 + 375*o**2. Determine l(-13).
7
Let d(v) = -2*v**3 - 15*v**2 + 11*v + 20. Let y(x) = 3*x**3 + 30*x**2 - 18*x - 35. Let p(o) = -5*d(o) - 3*y(o). Give p(15).
-10
Let c(s) = 59*s - 132. Let x(b) = -32*b + 66. Let t(r) = 3*c(r) + 5*x(r). What is t(4)?
2
Let k = 4151 + -4150. Let m(c) = -132*c**3 + c**2 - 3*c + 1. Calculate m(k).
-133
Let d(v) = 2*v + 10. Let l be ((-1)/(-4))/((-2)/(-24)). Suppose -2*t + 5*q - 10 = l*t, 0 = 3*t + 3*q + 36. Give d(t).
-4
Let m = 2579 - 2582. Let a(w) = 2*w**3 + 4*w**2 - 4. Determine a(m).
-22
Let c(s) be the first derivative of -8*s**3/3 + 15*s**2/2 + 5*s + 210. Give c(3).
-22
Let d(g) = 1 - 3*g**2 + 2*g**2 + 0. Let t(b) be the first derivative of -7*b**3/3 + b**2 + 5*b + 216. Let k(l) = -3*d(l) + t(l). What is k(2)?
-10
Let s(b) = -b**2 + b - 1. Suppose -3*z - 592 = 3*d - 5*d, 0 = -d - 2*z + 310. Let k = d - 302. Determine s(k).
-1
Let b = 1 - 17. Let z = b - -10. Let v(k) be the second derivative of k**3/6 - 2*k**2 - 2009*k. Calculate v(z).
-10
Let b(g) = g**3 - 25*g**2 - 3*g + 73. Let h(z) = -z**3 + 35*z**2 - 65*z - 8. Let l be h(33). Determine b(l).
-2
Let g(f) = f**3 - 2*f**2 - 2*f - 1. Let s = 95 - 82. Suppose -2*l = -2*k - 6, 5*k - s = -5*l + 2. What is g(l)?
2
Let u(z) = -z**3 + 5*z**2 + 8*z - 8. Let y(m) = 11*m + 16. Let f be y(18). Let v = f + -208. Determine u(v).
4
Suppose -81 = -4*g - 57. Let w(f) = 77 + g*f - 2*f - 74. Let v(x) = -3*x**2 + 5*x. Let t be v(2). Calculate w(t).
-5
Let k(v) = -5*v**3 + 25*v**2 - 4*v + 5. Let p be k(5). Let d(z) = z**2 + 12*z - 51. Give d(p).
-6
Let j(g) = 2*g - 3. Let m(k) = k + 9. Let f be m(-5). Suppose 0 = f*a - 5*a - 8. Give j(a).
-19
Let n = 172 - 163. Let g(v) be the third derivative of v**6/120 - v**5/6 + 5*v**4/12 - 4*v**3/3 - 2*v**2 - 5. Determine g(n).
1
Let h(z) be the third derivative of 79*z**5/60 - 5*z**4/24 + z**3/2 + 2610*z**2. Give h(1).
77
Let m(v) = -v**3 + 491*v**2 + 4000*v - 3986. Let r be m(499). Let i(q) be the third derivative of -1/24*q**4 - q**2 + 0 + 0*q - 1/2*q**3. Calculate i(r).
-9
Let a be (-7 + 5)*(-1)/1. Let w(p) be the second derivative of -p**4/6 - p**3/6 + 3*p**2/2 + p - 19. What is w(a)?
-7
Let z = 17 + -13. Suppose -v - z*r = -8, -2*r - 5 - 5 = -3*v. Let d(p) = -9 + 2*p + v*p - 5*p. Calculate d(5).
-4
Suppose 4*k + 36 = 100. Let h = 18 - k. Let r(p) = -4*p - 65*p**h + 6 + 70*p**2 - p**3 - 5. Determine r(3).
7
Let g(d) be the second derivative of 19*d**3/6 - 3*d**2/2 - 10*d - 157. Determine g(2).
35
Suppose 26 + 46 = 36*g. Let w(t) = -3*t - t + 5*t. Let y be w(g). Let n(i) = i**3 - 2*i**2 - 2*i + 3. Calculate n(y).
-1
Let y(c) = c**3 + 2*c**2 + 3*c + 1. Suppose 26*x - 17*x = 36. Suppose m - 1 = -2, -x*l = -4*m + 4. Give y(l).
-5
Let k(v) = -9*v**2 - 5 - 6*v + v**3 + 3*v - 8. Let w(j) = j**2 + 637*j - 656319. Let r be w(552). Give k(r).
-40
Let g(o) = -57*o + 631. Suppose 3*t = -5*m + 43, m = 4*t + 4 - 46. Determine g(t).
4
Suppose -5*z + 17 - 2 = 0. Let m be (6 - (-4 + 2)) + 555/(-111). Let d(c) = 3*c + c + 94*c**2 - 31*c**2 - 29*c**2 - c**m - 32*c**2. Determine d(z).
3
Suppose -13 = -t + 2*t. Let q = -6 - t. Let m(s) = -7*s**2 + 5*s - 5*s**2 + 2*s**2 + s**2 - 601 + 609 + 8*s**2. What is m(q)?
-6
Let a(u) = u**3 + 5*u**2 - 7*u - 3. Let b be a(-6). Let h be (-22)/4 + 2/(-4)*b. Let t(p) = p**2 + 8*p - 6. What is t(h)?
-13
Let j(o) = 117*o - 183. Let p(s) = -136*s + 182. Let u(y) = -7*j(y) - 6*p(y). Calculate u(64).
-3
Suppose -12 + 12 = -5*j. Let a be 5/5 + 15 + (0 - j). Suppose y + 3*h - 12 = -4*y, -5*y + h = -a. Let b(o) = -o**3 + 3*o**2 + 3*o - 2. What is b(y)?
7
Let s(b) = -12*b**2 - 20*b + 90. Let u(c) = 7*c**2 + 8*c - 44. Let g(t) = 3*s(t) + 5*u(t). Determine g(-23).
-19
Let s(t) be the second derivative of -t**3/6 - 15*t**2/2 - t. Let u be (10/(-6)*-2)/((-5)/15). Determine s(u).
-5
Let j(a) = a**3 + 0*a**3 + 222 - 32*a**2 + 224 + 215 - 635. Calculate j(32).
26
Let w(n) = n**3 - 46*n**2 + 43*n + 88. Suppose 12*a - q - 223 = 7*a, 0 = -3*a - 3*q + 141. What is w(a)?
-2
Let d(c) = c**2 + 2*c - 12. Let x(b) = 2*b**2 + 4*b - 24. Let o(f) = 13*d(f) - 6*x(f). Suppose -6*k - 35 = -z, -3*k - 4*z = -20 + 15. Give o(k).
3
Let r(n) be the second derivative of -n**4/12 + 3*n**3/2 - 9*n**2/2 + 5*n + 248. Let m be 2/(4*(-1)/(-22)). Let o = 19 - m. Calculate r(o).
-1
Let q(r) = 2*r - 47. Let g be (-896)/(-144) + -6 + 2/27*-3. Calculate q(g).
-47
Let q(d) be the first derivative of d**4/4 + 4*d**3/3 - d**2 - d + 55. Let x = 47 - 49. Calculate q(x).
11
Let u(r) be the first derivative of -3*r**2 - 79*r + 4361. Calculate u(-13).
-1
Let j(v) = -v**2 + v + 5. Let q be (-40)/(-14) + 6/42. Let l be j(q). Let t(a) = -3*a**2 - 1. Determine t(l).
-4
Let u be (16 - -246) + (-3 - -3). Let x = -267 + u. Let j(p) = 5*p - 7. Calculate j(x).
-32
Let i(p) = p**2 + p + 2. Let k = -4 + 7. Let z be (6/(-9))/(k/9). Let x be (-3)/((-3)/(-2)) - z. Calculate i(x).
2
Let t(q) be the first derivative of -q**4/4 - 5*q**3/3 + 3*q**2/2 - 14*q + 6193. Calculate t(-6).
4
Let b(j) = -7*j + 6. Let w(t) = -28*t - 147. Let s be w(11). Let o = s - -460. Determine b(o).
-29
Suppose -q - 4*l - 6 = 0, -24 = 4*q - 6*l + l. Let w be (-19)/3 - (-4 + (-28)/q). Let y(z) = -z**3 - 8*z**2 - 10*z - 16. Give y(w).
5
Let i(l) = l**3 - l**2 + 8*l + 1. Let p(a) = -6*a**3 + 16*a**2 - 40*a + 5. Let g(q) = 5*i(q) + p(q). Determine g(11).
10
Let c(h) = -10 - 6*h**3 + 24*h**3 + 44 + 175*h**2 - 17*h**3 + 20*h - 192*h**2. Give c(15).
-116
Let n(s) = 5*s + 7. Suppose -316*o - 54 = -310*o. Calculate n(o).
-38
Let u(s) = 24*s + 200. Let f(x) = 6*x + 47. Let p(r) = 13*f(r) - 3*u(r). What is p(6)?
47
Suppose -2*d - 12*l + 11*l + 6 = 0, 2*d - 4*l = 16. Let c be 42/d*(-12)/(-18). Let i(f) = -f**2 + 9*f + 10. Give i(c).
24
Let w(b) = 5*b + 3. Let i(z) = 12*z + 2. Let d(x) = 5*x + 1. Let m(k) = 9*d(k) - 4*i(k). Let s(o) = 3*m(o) + w(o). What is s(3)?
-6
Suppose -5*c + 20 = -5*g + 2*g, -2*c + 8 = 0. Suppose g = 4*y - 3*f - 8, -3*y - f - 2*f + 27 = 0. Let x(t) = -t**3 + 6*t**2 - 7*t + 5. What is x(y)?
-5
Suppose -51270 + 51254 = 8*m. Let r(z) = 3*z + 2. Let b(x) = 6*x + 5. Let k(g) = 6*b(g) - 13*r(g). Determine k(m).
10
Let n(j) = 37*j**2 + j. Let v(g) = -38*g**2 - 36*g + 52. Let h(b) = n(b) + v(b). What is h(-36)?
16
Let r(c) = -100*c + 2007. Let u be r(20). Let i(g) = -3*g**3 + 7*g**2 + 2*g - 12. Let f(n) = 4*n**3 - 7*n**2 - 2*n + 13. Let y(d) = 2*f(d) + 3*i(d). Give y(u).
4
Let f(d) = 25 + 4 + 4*d**3 - 3*d**3 - 17*d**2 - 13 - 2 - d. Determine f(17).
-3
Let k(t) = -2*t**3 + 100*t**2 + 324*t - 315. Let o be k(53). Let q(i) = 4 - 2*i + 0*i - 2 + i**2. Determine q(o).
5
Let l(z) be the second derivative of 0 - 4*z - 1/2*z**2 - 2/3*z**3. Suppose -3*g + 24 = 5*c, 0 = g - 3*c - 82 + 88. Determine l(g).
-13
Let r be (((-84)/(-56))/(6/36))/(6/4). Let d(k) = -k**3 + 6*k**2 + 4*k + 9. Determine d(r).
33
Let f(o) = 4*o**3 - 2*o + 20. Let b(z) = -5*z**3 + z**2 + 4*z - 24. Let x(w) = -5*b(w) - 6*f(w). Give x(7).
42
Let j(b) = b**3 + 3 + 4*b + 0*b**2 + 8*b**2 - 3*b**2. Suppose 66*q - 3811 = 855*q - 655. What is j(q)?
3
Let y be -2*(-2 - 1)/3. Let t(q) = 19*q - 1. Let d(b) = b**2 - 119*b + 8. Let l(z) = -d(z) - 6*t(z). Calculate l(y).
4
Let j(z) = -z. Let a(g) = -g**2 + 6*g - 1. Let b = -7 + 19. Let p be (-1)/(b/(-54)) + (-6)/4. Let q(k) = p*j(k) - a(k). Calculate q(8).
-7
Let w(a) = -a**2 - 16*a + 43. Let t be 3/(1*1392/(-152) - -9). Determine w(t).
-14
Let k(b) = -b**3 - 3*b**2 + 4*b - 13. Let c = 8107 + -8112. What is k(c)?
17
Let j(t) = -t + 2. Let o(c) = 14*c + 71. Let n(l) = -2*j(l) - o(l). Determine n(-6).
-3
Let j(a) = 63*a + 1 - 73*a + 14*a - 2. Let b(u) be the second derivative of -u**4/12 - 2*u**3 - 13*u**2/2 + 5*u. Let h be b(-11). Calculate j(h).
-9
Let v(c) = -c**2 - 22*c - 24. Suppose -21 = -987*b + 988*b. What is v(b)?
-3
Let j(p) be the first derivative of p**5/60 - 7*p**4/24 - 4*p**3/3 - p**2 + 6*p + 26. Let d(w) be the second derivative of j(w). Give d(8).
0
Suppose -336 = -3*y - c + 152, -4*c + 664 = 4*y. Let s = y - 157. Let a(w) = -w**3 + 2*w**2 - w + 5. Determine a(s).
-31
Let o(i) be the third derivative of 7*i**5/120 - i**4/24 + 6*i**3 - 182*i**2 + 2*i. Let s(n) be the first derivative of o(n). Give s(-4).
-29
Suppose -3*p - 3*y = -246, 3*p - 390*y + 388*y - 20